{"id":11702,"date":"2020-08-18T20:19:51","date_gmt":"2020-08-18T20:19:51","guid":{"rendered":"https:\/\/www.argemela.pt\/portal\/?page_id=11702"},"modified":"2021-10-23T17:13:35","modified_gmt":"2021-10-23T17:13:35","slug":"a-serra-e-as-minas","status":"publish","type":"page","link":"https:\/\/www.argemela.pt\/portal\/a-serra-e-as-minas\/","title":{"rendered":"A Serra e as Minas"},"content":{"rendered":"<p>[vc_row][vc_column][vc_empty_space height=&#8221;30&#8243;][vc_single_image image=&#8221;12259&#8243; img_size=&#8221;full&#8221;][vc_column_text]Foto: Joaquim Antunes[\/vc_column_text][vc_separator][vc_empty_space height=&#8221;10&#8243;][vc_column_text css_animation=&#8221;fadeInLeftBig&#8221;]<\/p>\n<h1 style=\"text-align: right;\"><strong>Argemela nossa identidade<\/strong><\/h1>\n<p>[\/vc_column_text][vc_empty_space height=&#8221;15&#8243;][vc_column_text]<img decoding=\"async\" loading=\"lazy\" class=\"wp-image-12257 alignleft\" src=\"https:\/\/www.argemela.pt\/portal\/wp-content\/uploads\/2021\/05\/Imagem1.jpg\" alt=\"\" width=\"450\" height=\"139\" srcset=\"https:\/\/www.argemela.pt\/portal\/wp-content\/uploads\/2021\/05\/Imagem1.jpg 889w, https:\/\/www.argemela.pt\/portal\/wp-content\/uploads\/2021\/05\/Imagem1-300x93.jpg 300w, https:\/\/www.argemela.pt\/portal\/wp-content\/uploads\/2021\/05\/Imagem1-768x238.jpg 768w, https:\/\/www.argemela.pt\/portal\/wp-content\/uploads\/2021\/05\/Imagem1-600x186.jpg 600w\" sizes=\"(max-width: 450px) 100vw, 450px\" \/><\/p>\n<p>Minas, a Argemela, fazem o imagin\u00e1rio dos barquenses. Lend\u00e1rio e perdido no tempo; outrotanto real, intenso, nos anos 40 e 50 do s\u00e9culo passado. Nas barrocas, nos golfeiros e nos ferrad\u00f3is mulheres, crian\u00e7as e homens cavavam a terra e o lodo atr\u00e1s dos fil\u00f5es, com pica e bacia de arear \u00e0 cata do volfro, do mineral. Nunca se viram tais jornas e enricavam os candongueiros, os passadores e os angariadores que, pela esta\u00e7\u00e3o do Fund\u00e3o, encaminhavam o tungst\u00e9nio para a guerra dos Aliados, enquanto outros fugavam-se pela porta travessa a caminho de Caria, Sabugal e Vilar Formoso para o volfr\u00e2mio chegar aos Alem\u00e3es.<\/p>\n<p>Acabou a Guerra, mas continuou a fossanguice do min\u00e9rio por cabe\u00e7os e barrocas at\u00e9 virem a Companhia Inglesa e a Companhia Alem\u00e3, por poucos anos. Eram j\u00e1 os anos 60, a aldeia pouco mudara, tirando os onzeneiros e os marchantes que, com o dinheiro do mineral, intermediavam as compras das fazendas e emprestavam a juros usur\u00e1rios. O chamamento da emigra\u00e7\u00e3o foi geral. Das Minas ficou a mem\u00f3ria. E agora o receio.[\/vc_column_text][\/vc_column][\/vc_row][vc_row css=&#8221;.vc_custom_1498492965301{padding-top: 100px !important;padding-bottom: 80px !important;}&#8221;][vc_column width=&#8221;1\/3&#8243; css=&#8221;.vc_custom_1491682521219{padding-right: 30px !important;padding-left: 30px !important;}&#8221;]<div class=\"ult-animation  ult-animate-viewport  ult-no-mobile \" data-animate=\"fadeInDown\" data-animation-delay=\"0\" data-animation-duration=\"0.5\" data-animation-iteration=\"1\" style=\"opacity:0;\" data-opacity_start_effect=\"\"><div class=\"aio-icon-component    style_1\"><div id=\"Info-box-wrap-5210\" class=\"aio-icon-box top-icon\" style=\"\"  ><div class=\"aio-icon-top\"><div class=\"ult-just-icon-wrapper  \"><div class=\"align-icon\" style=\"text-align:center;\">\n<div class=\"aio-icon none \"  style=\"color:#ffffff;font-size:33px;display:inline-block;\">\n\t<i class=\"linearicons-files\"><\/i>\n<\/div><\/div><\/div><\/div><div class=\"aio-icon-header\" ><h2 class=\"aio-icon-title ult-responsive\"  data-ultimate-target='#Info-box-wrap-5210 .aio-icon-title'  data-responsive-json-new='{\"font-size\":\"desktop:20px;\",\"line-height\":\"\"}'  style=\"font-family:&#039;Poppins&#039;;font-weight:600;\">Geologia<\/h2><\/div> <!-- header --><div class=\"aio-icon-description ult-responsive\"  data-ultimate-target='#Info-box-wrap-5210 .aio-icon-description'  data-responsive-json-new='{\"font-size\":\"\",\"line-height\":\"\"}'  style=\"\"><a href=\"https:\/\/www.argemela.pt\/portal\/geologia-2\/\"><img decoding=\"async\" loading=\"lazy\" class=\"alignnone size-medium wp-image-12278 aligncenter\" src=\"https:\/\/www.argemela.pt\/portal\/wp-content\/uploads\/2021\/06\/04-GEOLOGIA_Prancheta-1-120x300.png\" alt=\"\" width=\"120\" height=\"300\" srcset=\"https:\/\/www.argemela.pt\/portal\/wp-content\/uploads\/2021\/06\/04-GEOLOGIA_Prancheta-1-120x300.png 120w, https:\/\/www.argemela.pt\/portal\/wp-content\/uploads\/2021\/06\/04-GEOLOGIA_Prancheta-1.png 300w\" sizes=\"(max-width: 120px) 100vw, 120px\" \/><\/a><a class=\"aio-icon-read xx\" href=\"https:\/\/www.argemela.pt\/portal\/geologia-2\/\" title=\"Geologia\" >VER MAIS&nbsp;&raquo;<\/a><\/div> <!-- description --><\/div> <!-- aio-icon-box --><\/div> <!-- aio-icon-component --><\/div><div class=\"ult-spacer spacer-6a08137197ffa\" data-id=\"6a08137197ffa\" data-height=\"\" data-height-mobile=\"40\" data-height-tab=\"\" data-height-tab-portrait=\"\" data-height-mobile-landscape=\"40\" style=\"clear:both;display:block;\"><\/div><div class=\"ult-animation  ult-animate-viewport  ult-no-mobile \" data-animate=\"fadeInDown\" data-animation-delay=\"0\" data-animation-duration=\"0.5\" data-animation-iteration=\"1\" style=\"opacity:0;\" data-opacity_start_effect=\"\"><div class=\"aio-icon-component    style_1\"><div id=\"Info-box-wrap-4717\" class=\"aio-icon-box top-icon\" style=\"\"  ><div class=\"aio-icon-top\"><div class=\"ult-just-icon-wrapper  \"><div class=\"align-icon\" style=\"text-align:center;\">\n<div class=\"aio-icon circle \"  style=\"color:#ffffff;font-size:33px;display:inline-block;\">\n\t<i class=\"linearicons-files\"><\/i>\n<\/div><\/div><\/div><\/div><div class=\"aio-icon-header\" ><h3 class=\"aio-icon-title ult-responsive\"  data-ultimate-target='#Info-box-wrap-4717 .aio-icon-title'  data-responsive-json-new='{\"font-size\":\"desktop:16px;\",\"line-height\":\"\"}'  style=\"font-family:&#039;Poppins&#039;;font-weight:600;\">O Quilo e o Salta-e-Pilha<\/h3><\/div> <!-- header --><div class=\"aio-icon-description ult-responsive\"  data-ultimate-target='#Info-box-wrap-4717 .aio-icon-description'  data-responsive-json-new='{\"font-size\":\"\",\"line-height\":\"\"}'  style=\"\"><\/p>\n<p style=\"text-align: center;\"><a href=\"https:\/\/www.argemela.pt\/portal\/o-quilo-e-o-salto-e-pilha\/\"><img decoding=\"async\" loading=\"lazy\" class=\"alignnone size-full wp-image-12305\" src=\"https:\/\/www.argemela.pt\/portal\/wp-content\/uploads\/2021\/06\/08-O-QUILO-E-O-SALTA-E-PILHA_Prancheta-1.png\" alt=\"\" width=\"120\" height=\"300\" \/><\/a><\/p>\n<p><a class=\"aio-icon-read xx\" href=\"https:\/\/www.argemela.pt\/portal\/o-quilo-e-o-salto-e-pilha\/\" >VER MAIS&nbsp;&raquo;<\/a><\/div> <!-- description --><\/div> <!-- aio-icon-box --><\/div> <!-- aio-icon-component --><\/div>[\/vc_column][vc_column width=&#8221;1\/3&#8243; css=&#8221;.vc_custom_1491682528530{padding-right: 30px !important;padding-left: 30px !important;}&#8221;]<div class=\"ult-animation  ult-animate-viewport  ult-no-mobile \" data-animate=\"fadeInDown\" data-animation-delay=\"0.2\" data-animation-duration=\"0.5\" data-animation-iteration=\"1\" style=\"opacity:0;\" data-opacity_start_effect=\"\"><div class=\"aio-icon-component    style_1\"><div id=\"Info-box-wrap-4591\" class=\"aio-icon-box top-icon\" style=\"\"  ><div class=\"aio-icon-top\"><div class=\"ult-just-icon-wrapper  \"><div class=\"align-icon\" style=\"text-align:center;\">\n<div class=\"aio-icon none \"  style=\"color:#ffffff;font-size:33px;display:inline-block;\">\n\t<i class=\"linearicons-files\"><\/i>\n<\/div><\/div><\/div><\/div><div class=\"aio-icon-header\" ><h2 class=\"aio-icon-title ult-responsive\"  data-ultimate-target='#Info-box-wrap-4591 .aio-icon-title'  data-responsive-json-new='{\"font-size\":\"desktop:16px;\",\"line-height\":\"\"}'  style=\"font-family:&#039;Poppins&#039;;font-weight:600;\">Arqueologia<\/h2><\/div> <!-- header --><div class=\"aio-icon-description ult-responsive\"  data-ultimate-target='#Info-box-wrap-4591 .aio-icon-description'  data-responsive-json-new='{\"font-size\":\"\",\"line-height\":\"\"}'  style=\"\"><a href=\"https:\/\/www.argemela.pt\/portal\/arqueologia\/\"><img decoding=\"async\" loading=\"lazy\" class=\"alignnone size-medium wp-image-12285 aligncenter\" src=\"https:\/\/www.argemela.pt\/portal\/wp-content\/uploads\/2021\/06\/06-ARQUEOLOGIA_Prancheta-1-120x300.png\" alt=\"\" width=\"120\" height=\"300\" srcset=\"https:\/\/www.argemela.pt\/portal\/wp-content\/uploads\/2021\/06\/06-ARQUEOLOGIA_Prancheta-1-120x300.png 120w, https:\/\/www.argemela.pt\/portal\/wp-content\/uploads\/2021\/06\/06-ARQUEOLOGIA_Prancheta-1.png 300w\" sizes=\"(max-width: 120px) 100vw, 120px\" \/><\/a><a class=\"aio-icon-read xx\" href=\" https:\/\/www.argemela.pt\/portal\/arqueologia\/\" >VER MAIS&nbsp;&raquo;<\/a><\/div> <!-- description --><\/div> <!-- aio-icon-box --><\/div> <!-- aio-icon-component --><\/div><div class=\"ult-spacer spacer-6a08137198227\" data-id=\"6a08137198227\" data-height=\"\" data-height-mobile=\"40\" data-height-tab=\"\" data-height-tab-portrait=\"\" data-height-mobile-landscape=\"40\" style=\"clear:both;display:block;\"><\/div><div class=\"ult-animation  ult-animate-viewport  ult-no-mobile \" data-animate=\"fadeInDown\" data-animation-delay=\"0.2\" data-animation-duration=\"0.5\" data-animation-iteration=\"1\" style=\"opacity:0;\" data-opacity_start_effect=\"\"><div class=\"aio-icon-component    style_1\"><div id=\"Info-box-wrap-8134\" class=\"aio-icon-box top-icon\" style=\"\"  ><div class=\"aio-icon-top\"><div class=\"ult-just-icon-wrapper  \"><div class=\"align-icon\" style=\"text-align:center;\">\n<div class=\"aio-icon circle \"  style=\"color:#ffffff;font-size:33px;display:inline-block;\">\n\t<i class=\"linearicons-files\"><\/i>\n<\/div><\/div><\/div><\/div><div class=\"aio-icon-header\" ><h3 class=\"aio-icon-title ult-responsive\"  data-ultimate-target='#Info-box-wrap-8134 .aio-icon-title'  data-responsive-json-new='{\"font-size\":\"desktop:16px;\",\"line-height\":\"\"}'  style=\"font-family:&#039;Poppins&#039;;font-weight:600;\">A Guerra do L\u00edtio<\/h3><\/div> <!-- header --><div class=\"aio-icon-description ult-responsive\"  data-ultimate-target='#Info-box-wrap-8134 .aio-icon-description'  data-responsive-json-new='{\"font-size\":\"\",\"line-height\":\"\"}'  style=\"\"><\/p>\n<p style=\"text-align: center;\"><a href=\"https:\/\/www.argemela.pt\/portal\/a-guerra-do-litio\/\"><img decoding=\"async\" loading=\"lazy\" class=\"alignnone wp-image-12340\" src=\"https:\/\/www.argemela.pt\/portal\/wp-content\/uploads\/2021\/10\/09-GUERRA-DO-LITIO_Prancheta-1-171x300.png\" alt=\"\" width=\"120\" height=\"210\" srcset=\"https:\/\/www.argemela.pt\/portal\/wp-content\/uploads\/2021\/10\/09-GUERRA-DO-LITIO_Prancheta-1-171x300.png 171w, https:\/\/www.argemela.pt\/portal\/wp-content\/uploads\/2021\/10\/09-GUERRA-DO-LITIO_Prancheta-1-585x1024.png 585w, https:\/\/www.argemela.pt\/portal\/wp-content\/uploads\/2021\/10\/09-GUERRA-DO-LITIO_Prancheta-1-768x1344.png 768w, https:\/\/www.argemela.pt\/portal\/wp-content\/uploads\/2021\/10\/09-GUERRA-DO-LITIO_Prancheta-1-878x1536.png 878w, https:\/\/www.argemela.pt\/portal\/wp-content\/uploads\/2021\/10\/09-GUERRA-DO-LITIO_Prancheta-1-1171x2048.png 1171w, https:\/\/www.argemela.pt\/portal\/wp-content\/uploads\/2021\/10\/09-GUERRA-DO-LITIO_Prancheta-1-600x1050.png 600w\" sizes=\"(max-width: 120px) 100vw, 120px\" \/><\/a><\/p>\n<p><a class=\"aio-icon-read xx\" href=\"https:\/\/www.argemela.pt\/portal\/a-guerra-do-litio\/\" title=\"A Guerra do L\u00edtio\" >VER MAIS&nbsp;&raquo;<\/a><\/div> <!-- description --><\/div> <!-- aio-icon-box --><\/div> <!-- aio-icon-component --><\/div>[\/vc_column][vc_column width=&#8221;1\/3&#8243; css=&#8221;.vc_custom_1491682544185{padding-right: 30px !important;padding-left: 30px !important;}&#8221;]<div class=\"ult-animation  ult-animate-viewport  ult-no-mobile \" data-animate=\"fadeInDown\" data-animation-delay=\"0.4\" data-animation-duration=\"0.5\" data-animation-iteration=\"1\" style=\"opacity:0;\" data-opacity_start_effect=\"\"><div class=\"aio-icon-component    style_1\"><div id=\"Info-box-wrap-2241\" class=\"aio-icon-box top-icon\" style=\"\"  ><div class=\"aio-icon-top\"><div class=\"ult-just-icon-wrapper  \"><div class=\"align-icon\" style=\"text-align:center;\">\n<div class=\"aio-icon none \"  style=\"color:#ffffff;font-size:33px;display:inline-block;\">\n\t<i class=\"linearicons-files\"><\/i>\n<\/div><\/div><\/div><\/div><div class=\"aio-icon-header\" ><h2 class=\"aio-icon-title ult-responsive\"  data-ultimate-target='#Info-box-wrap-2241 .aio-icon-title'  data-responsive-json-new='{\"font-size\":\"desktop:16px;\",\"line-height\":\"\"}'  style=\"font-family:&#039;Poppins&#039;;font-weight:600;\">A Mina da Argemela<\/h2><\/div> <!-- header --><div class=\"aio-icon-description ult-responsive\"  data-ultimate-target='#Info-box-wrap-2241 .aio-icon-description'  data-responsive-json-new='{\"font-size\":\"\",\"line-height\":\"\"}'  style=\"\"><a href=\"https:\/\/www.argemela.pt\/portal\/mineralogia\/\"><img decoding=\"async\" loading=\"lazy\" class=\"alignnone size-medium wp-image-12296 aligncenter\" src=\"https:\/\/www.argemela.pt\/portal\/wp-content\/uploads\/2021\/06\/07-EXTRACAO-MINEIRA_Prancheta-1-120x300.png\" alt=\"\" width=\"120\" height=\"300\" srcset=\"https:\/\/www.argemela.pt\/portal\/wp-content\/uploads\/2021\/06\/07-EXTRACAO-MINEIRA_Prancheta-1-120x300.png 120w, https:\/\/www.argemela.pt\/portal\/wp-content\/uploads\/2021\/06\/07-EXTRACAO-MINEIRA_Prancheta-1.png 300w\" sizes=\"(max-width: 120px) 100vw, 120px\" \/><\/a><a class=\"aio-icon-read xx\" href=\"https:\/\/www.argemela.pt\/portal\/mineralogia\/\" >VER MAIS&nbsp;&raquo;<\/a><\/div> <!-- description --><\/div> <!-- aio-icon-box --><\/div> <!-- aio-icon-component --><\/div><div class=\"ult-spacer spacer-6a08137198409\" data-id=\"6a08137198409\" data-height=\"\" data-height-mobile=\"40\" data-height-tab=\"\" data-height-tab-portrait=\"\" data-height-mobile-landscape=\"40\" style=\"clear:both;display:block;\"><\/div><div class=\"ult-animation  ult-animate-viewport  ult-no-mobile \" data-animate=\"fadeInDown\" data-animation-delay=\"0.4\" data-animation-duration=\"0.5\" data-animation-iteration=\"1\" style=\"opacity:0;\" data-opacity_start_effect=\"\"><\/div>[\/vc_column][\/vc_row][vc_row css=&#8221;.vc_custom_1498492965301{padding-top: 100px !important;padding-bottom: 80px !important;}&#8221;][vc_column width=&#8221;1\/3&#8243; css=&#8221;.vc_custom_1491682521219{padding-right: 30px !important;padding-left: 30px !important;}&#8221;][\/vc_column][vc_column width=&#8221;1\/3&#8243; css=&#8221;.vc_custom_1491682528530{padding-right: 30px !important;padding-left: 30px !important;}&#8221;][\/vc_column][vc_column width=&#8221;1\/3&#8243; css=&#8221;.vc_custom_1491682544185{padding-right: 30px !important;padding-left: 30px !important;}&#8221;][\/vc_column][\/vc_row][vc_row full_width=&#8221;stretch_row_content&#8221; css=&#8221;.vc_custom_1620409326256{background-color: #969696 !important;}&#8221;][vc_column]<div id=\"ultimate-video-13706a08137198462\" class=\"ult-video  ult-adjust-bottom-margin ultimate-video-13706a08137198462 ultv-3312 \"><div class=\"ultv-video ultv-aspect-ratio-16_9 ultv-subscribe-responsive-none\" data-videotype=\"uv_iframe\">\r\n\t\t\t\t\t\t<div class=\"ultv-video__outer-wrap\" data-autoplay=\"1\" data-device=\"false\"  data-iconbg=\"#3A3A3A\" data-overcolor=\"\" data-defaultbg=\"#1f1f1e\" data-defaultplay=\"defaulticon\"><div class=\"ultv-video__play\" data-src=\"https:\/\/www.youtube.com\/embed\/JpNdJyWPVs8?autoplay=1&amp;rel=0&amp;start&amp;end&amp;controls=1&amp;mute=0&amp;modestbranding=0&amp;autoplay=1\">\r\n\t\t\t\t\t\t\t\t<img class=\"ultv-video__thumb\" src=\"https:\/\/i.ytimg.com\/vi\/JpNdJyWPVs8\/maxresdefault.jpg\"\/>\r\n\t\t\t\t\t\t\t\t<div class=\"ultv-video__play-icon  ultv-animation-none\" style=\"width:75px\"><svg height=\"100%\" version=\"1.1\" viewBox=\"0 0 68 48\" width=\"100%\"><path class=\"ultv-youtube-icon-bg\" d=\"m .66,37.62 c 0,0 .66,4.70 2.70,6.77 2.58,2.71 5.98,2.63 7.49,2.91 5.43,.52 23.10,.68 23.12,.68 .00,-1.3e-5 14.29,-0.02 23.81,-0.71 1.32,-0.15 4.22,-0.17 6.81,-2.89 2.03,-2.07 2.70,-6.77 2.70,-6.77 0,0 .67,-5.52 .67,-11.04 l 0,-5.17 c 0,-5.52 -0.67,-11.04 -0.67,-11.04 0,0 -0.66,-4.70 -2.70,-6.77 C 62.03,.86 59.13,.84 57.80,.69 48.28,0 34.00,0 34.00,0 33.97,0 19.69,0 10.18,.69 8.85,.84 5.95,.86 3.36,3.58 1.32,5.65 .66,10.35 .66,10.35 c 0,0 -0.55,4.50 -0.66,9.45 l 0,8.36 c .10,4.94 .66,9.45 .66,9.45 z\" fill=\"#1f1f1e\" ><\/path><path d=\"m 26.96,13.67 18.37,9.62 -18.37,9.55 -0.00,-19.17 z\" fill=\"#fff\"><\/path><path d=\"M 45.02,23.46 45.32,23.28 26.96,13.67 43.32,22.34 45.02,23.46 z\" fill=\"#ccc\"><\/path><\/svg><\/div> <\/div> <\/div><\/div><\/div>[\/vc_column][\/vc_row]<\/p>\n","protected":false},"excerpt":{"rendered":"<p>[vc_row][vc_column][vc_empty_space height=&#8221;30&#8243;][vc_single_image image=&#8221;12259&#8243; img_size=&#8221;full&#8221;][vc_column_text]Foto: Joaquim Antunes[\/vc_column_text][vc_separator][vc_empty_space height=&#8221;10&#8243;][vc_column_text css_animation=&#8221;fadeInLeftBig&#8221;] Argemela nossa identidade [\/vc_column_text][vc_empty_space height=&#8221;15&#8243;][vc_column_text] Minas, a Argemela, fazem o imagin\u00e1rio dos barquenses. Lend\u00e1rio e perdido no tempo; outrotanto real, intenso, nos anos 40 e 50 do s\u00e9culo passado. Nas barrocas, nos golfeiros e nos ferrad\u00f3is mulheres, crian\u00e7as e homens cavavam a terra e o lodo atr\u00e1s [&hellip;]<\/p>\n","protected":false},"author":1,"featured_media":0,"parent":0,"menu_order":0,"comment_status":"closed","ping_status":"closed","template":"one-page-template.php","meta":[],"_links":{"self":[{"href":"https:\/\/www.argemela.pt\/portal\/wp-json\/wp\/v2\/pages\/11702"}],"collection":[{"href":"https:\/\/www.argemela.pt\/portal\/wp-json\/wp\/v2\/pages"}],"about":[{"href":"https:\/\/www.argemela.pt\/portal\/wp-json\/wp\/v2\/types\/page"}],"author":[{"embeddable":true,"href":"https:\/\/www.argemela.pt\/portal\/wp-json\/wp\/v2\/users\/1"}],"replies":[{"embeddable":true,"href":"https:\/\/www.argemela.pt\/portal\/wp-json\/wp\/v2\/comments?post=11702"}],"version-history":[{"count":50,"href":"https:\/\/www.argemela.pt\/portal\/wp-json\/wp\/v2\/pages\/11702\/revisions"}],"predecessor-version":[{"id":12366,"href":"https:\/\/www.argemela.pt\/portal\/wp-json\/wp\/v2\/pages\/11702\/revisions\/12366"}],"wp:attachment":[{"href":"https:\/\/www.argemela.pt\/portal\/wp-json\/wp\/v2\/media?parent=11702"}],"curies":[{"name":"wp","href":"https:\/\/api.w.org\/{rel}","templated":true}]}}