{"id":11710,"date":"2020-08-18T21:13:43","date_gmt":"2020-08-18T21:13:43","guid":{"rendered":"https:\/\/www.argemela.pt\/portal\/?page_id=11710"},"modified":"2021-10-09T14:46:16","modified_gmt":"2021-10-09T14:46:16","slug":"o-rio-e-as-margens","status":"publish","type":"page","link":"https:\/\/www.argemela.pt\/portal\/o-rio-e-as-margens\/","title":{"rendered":"O Rio e as Margens"},"content":{"rendered":"<p>[vc_row][vc_column width=&#8221;1\/4&#8243;][vc_empty_space height=&#8221;60px&#8221;][vc_single_image image=&#8221;11852&#8243; img_size=&#8221;250&#215;700&#8243; add_caption=&#8221;yes&#8221; alignment=&#8221;center&#8221; onclick=&#8221;custom_link&#8221; link=&#8221;https:\/\/www.argemela.pt\/portal\/rio-zezere\/&#8221;][\/vc_column][vc_column width=&#8221;3\/4&#8243;][vc_empty_space]<div class=\"aio-icon-component    style_1\"><div id=\"Info-box-wrap-7722\" class=\"aio-icon-box left-icon\" style=\"\"  ><div class=\"aio-icon-left\"><div class=\"ult-just-icon-wrapper  \"><div class=\"align-icon\" style=\"text-align:center;\">\n<div class=\"aio-icon circle \"  style=\"color:#ffffff;background:#486668;font-size:30px;display:inline-block;\">\n\t<i class=\"Defaults-file-text-o\"><\/i>\n<\/div><\/div><\/div><\/div><div class=\"aio-ibd-block\"><div class=\"aio-icon-header\" ><h3 class=\"aio-icon-title ult-responsive\"  data-ultimate-target='#Info-box-wrap-7722 .aio-icon-title'  data-responsive-json-new='{\"font-size\":\"desktop:18px;\",\"line-height\":\"\"}'  style=\"font-family:&#039;Poppins&#039;;font-weight:600;color:#2e2e2e;\">Caracteriza\u00e7\u00e3o<\/h3><\/div> <!-- header --><div class=\"aio-icon-description ult-responsive\"  data-ultimate-target='#Info-box-wrap-7722 .aio-icon-description'  data-responsive-json-new='{\"font-size\":\"\",\"line-height\":\"\"}'  style=\"\">COISAS SIMPLES E NOSSAS: Z\u00caZERE<\/p>\n<p><img decoding=\"async\" loading=\"lazy\" class=\"aligncenter wp-image-12165\" src=\"https:\/\/www.argemela.pt\/portal\/wp-content\/uploads\/2021\/05\/IMG_RIO-300x192.jpg\" alt=\"\" width=\"600\" height=\"384\" srcset=\"https:\/\/www.argemela.pt\/portal\/wp-content\/uploads\/2021\/05\/IMG_RIO-300x192.jpg 300w, https:\/\/www.argemela.pt\/portal\/wp-content\/uploads\/2021\/05\/IMG_RIO-1024x655.jpg 1024w, https:\/\/www.argemela.pt\/portal\/wp-content\/uploads\/2021\/05\/IMG_RIO-768x492.jpg 768w, https:\/\/www.argemela.pt\/portal\/wp-content\/uploads\/2021\/05\/IMG_RIO-1536x983.jpg 1536w, https:\/\/www.argemela.pt\/portal\/wp-content\/uploads\/2021\/05\/IMG_RIO-600x384.jpg 600w, https:\/\/www.argemela.pt\/portal\/wp-content\/uploads\/2021\/05\/IMG_RIO.jpg 1900w\" sizes=\"(max-width: 600px) 100vw, 600px\" \/><\/p>\n<p>A base do C\u00e2ntaro Magro \u00e9 o seu registo de nascimento e dai at\u00e9 Const\u00e2ncia, onde se entrega ao Tejo, s\u00e3o cerca de 200 Km.<br \/>\nO Z\u00eazere \u00e9 o nosso rio, gerado como um fio de \u00e1gua que vai curso fora ganhando vigor, movimento, cores e vida pr\u00f3pria. Corre como louco no vale glaciar de Manteigas, acalma e abranda a marcha pelo vale que \u00e9 a Cova da Beira, cria meandros e recortes de rara beleza, tem desn\u00edveis, estrangulamentos e uma sucess\u00e3o de barragens at\u00e9 chegar ao fim da jornada.<br \/>\n\u00c9 uma estrutura viva e a dial\u00e9tica da sua exist\u00eancia p\u00f5e a nu a fertilidade das suas v\u00e1rzeas e as m\u00e1culas deixadas pela mina no seu leito e nas suas \u00e1guas.<\/p>\n<p>Hoje at\u00e9 tem uma grande rota, mas muito se enganam aqueles que pensam que isso \u00e9 o bastante para fazer dele um rio feliz.<\/p>\n<p style=\"text-align: right;\">Isaura Reis \u00a0| \u00a02 de Junho de 2018<\/p>\n<p><a class=\"aio-icon-read xx\" href=\"https:\/\/www.argemela.pt\/portal\/rio-zezere\/\" title=\"Rio Z\u00eazere\" >Ver ilustra\u00e7\u00e3o&nbsp;&raquo;<\/a><\/div> <!-- description --><\/div> <!-- aio-ibd-block --><\/div> <!-- aio-icon-box --><\/div> <!-- aio-icon-component --><div class=\"aio-icon-component    style_1\"><div id=\"Info-box-wrap-5111\" class=\"aio-icon-box left-icon\" style=\"\"  ><div class=\"aio-icon-left\"><div class=\"ult-just-icon-wrapper  \"><div class=\"align-icon\" style=\"text-align:center;\">\n<div class=\"aio-icon circle \"  style=\"color:#ffffff;background:#486668;font-size:30px;display:inline-block;\">\n\t<i class=\"Defaults-file-text-o\"><\/i>\n<\/div><\/div><\/div><\/div><div class=\"aio-ibd-block\"><div class=\"aio-icon-header\" ><h3 class=\"aio-icon-title ult-responsive\"  data-ultimate-target='#Info-box-wrap-5111 .aio-icon-title'  data-responsive-json-new='{\"font-size\":\"desktop:18px;\",\"line-height\":\"\"}'  style=\"font-family:&#039;Poppins&#039;;font-weight:600;color:#2e2e2e;\">Atividades<\/h3><\/div> <!-- header --><div class=\"aio-icon-description ult-responsive\"  data-ultimate-target='#Info-box-wrap-5111 .aio-icon-description'  data-responsive-json-new='{\"font-size\":\"\",\"line-height\":\"\"}'  style=\"\"><img decoding=\"async\" loading=\"lazy\" class=\"aligncenter wp-image-12169\" src=\"https:\/\/www.argemela.pt\/portal\/wp-content\/uploads\/2021\/05\/Barca-no-Zezere-300x241.jpg\" alt=\"\" width=\"600\" height=\"481\" srcset=\"https:\/\/www.argemela.pt\/portal\/wp-content\/uploads\/2021\/05\/Barca-no-Zezere-300x241.jpg 300w, https:\/\/www.argemela.pt\/portal\/wp-content\/uploads\/2021\/05\/Barca-no-Zezere-768x616.jpg 768w, https:\/\/www.argemela.pt\/portal\/wp-content\/uploads\/2021\/05\/Barca-no-Zezere-600x481.jpg 600w, https:\/\/www.argemela.pt\/portal\/wp-content\/uploads\/2021\/05\/Barca-no-Zezere.jpg 1024w\" sizes=\"(max-width: 600px) 100vw, 600px\" \/><\/div> <!-- description --><\/div> <!-- aio-ibd-block --><\/div> <!-- aio-icon-box --><\/div> <!-- aio-icon-component -->[\/vc_column][\/vc_row][vc_row full_width=&#8221;stretch_row_content&#8221; content_placement=&#8221;middle&#8221; bg_type=&#8221;bg_color&#8221; bg_color_value=&#8221;#ededed&#8221;][vc_column][vc_column_text]<\/p>\n<h3 style=\"text-align: center;\">Z\u00eazere de Avi\u00e3o<\/h3>\n<p>[\/vc_column_text][vc_video link=&#8221;https:\/\/youtu.be\/Wi7vTTrNcME&#8221; el_width=&#8221;60&#8243; align=&#8221;center&#8221;][vc_empty_space][vc_column_text][\/vc_column_text][\/vc_column][\/vc_row]<\/p>\n","protected":false},"excerpt":{"rendered":"<p>[vc_row][vc_column width=&#8221;1\/4&#8243;][vc_empty_space height=&#8221;60px&#8221;][vc_single_image image=&#8221;11852&#8243; img_size=&#8221;250&#215;700&#8243; add_caption=&#8221;yes&#8221; alignment=&#8221;center&#8221; onclick=&#8221;custom_link&#8221; link=&#8221;https:\/\/www.argemela.pt\/portal\/rio-zezere\/&#8221;][\/vc_column][vc_column width=&#8221;3\/4&#8243;][vc_empty_space][\/vc_column][\/vc_row][vc_row full_width=&#8221;stretch_row_content&#8221; content_placement=&#8221;middle&#8221; bg_type=&#8221;bg_color&#8221; bg_color_value=&#8221;#ededed&#8221;][vc_column][vc_column_text] Z\u00eazere de Avi\u00e3o [\/vc_column_text][vc_video link=&#8221;https:\/\/youtu.be\/Wi7vTTrNcME&#8221; el_width=&#8221;60&#8243; align=&#8221;center&#8221;][vc_empty_space][vc_column_text][\/vc_column_text][\/vc_column][\/vc_row]<\/p>\n","protected":false},"author":1,"featured_media":0,"parent":0,"menu_order":0,"comment_status":"closed","ping_status":"closed","template":"page.php","meta":[],"_links":{"self":[{"href":"https:\/\/www.argemela.pt\/portal\/wp-json\/wp\/v2\/pages\/11710"}],"collection":[{"href":"https:\/\/www.argemela.pt\/portal\/wp-json\/wp\/v2\/pages"}],"about":[{"href":"https:\/\/www.argemela.pt\/portal\/wp-json\/wp\/v2\/types\/page"}],"author":[{"embeddable":true,"href":"https:\/\/www.argemela.pt\/portal\/wp-json\/wp\/v2\/users\/1"}],"replies":[{"embeddable":true,"href":"https:\/\/www.argemela.pt\/portal\/wp-json\/wp\/v2\/comments?post=11710"}],"version-history":[{"count":32,"href":"https:\/\/www.argemela.pt\/portal\/wp-json\/wp\/v2\/pages\/11710\/revisions"}],"predecessor-version":[{"id":12332,"href":"https:\/\/www.argemela.pt\/portal\/wp-json\/wp\/v2\/pages\/11710\/revisions\/12332"}],"wp:attachment":[{"href":"https:\/\/www.argemela.pt\/portal\/wp-json\/wp\/v2\/media?parent=11710"}],"curies":[{"name":"wp","href":"https:\/\/api.w.org\/{rel}","templated":true}]}}

<p>[vc_row][vc_column width=&#8221;1/4&#8243;][vc_empty_space height=&#8221;60px&#8221;][vc_single_image image=&#8221;11852&#8243; img_size=&#8221;250&#215;700&#8243; add_caption=&#8221;yes&#8221; alignment=&#8221;center&#8221; onclick=&#8221;custom_link&#8221; link=&#8221;https://www.argemela.pt/portal/rio-zezere/&#8221;][/vc_column][vc_column width=&#8221;3/4&#8243;][vc_empty_space]<div class="aio-icon-component    style_1"><div id="Info-box-wrap-7722" class="aio-icon-box left-icon" style=""  ><div class="aio-icon-left"><div class="ult-just-icon-wrapper  "><div class="align-icon" style="text-align:center;">
<div class="aio-icon circle "  style="color:#ffffff;background:#486668;font-size:30px;display:inline-block;">
	<i class="Defaults-file-text-o"></i>
</div></div></div></div><div class="aio-ibd-block"><div class="aio-icon-header" ><h3 class="aio-icon-title ult-responsive"  data-ultimate-target='#Info-box-wrap-7722 .aio-icon-title'  data-responsive-json-new='{"font-size":"desktop:18px;","line-height":""}'  style="font-family:&#039;Poppins&#039;;font-weight:600;color:#2e2e2e;">Caracterização</h3></div> <!-- header --><div class="aio-icon-description ult-responsive"  data-ultimate-target='#Info-box-wrap-7722 .aio-icon-description'  data-responsive-json-new='{"font-size":"","line-height":""}'  style="">COISAS SIMPLES E NOSSAS: ZÊZERE</p>
<p><img decoding="async" loading="lazy" class="aligncenter wp-image-12165" src="https://www.argemela.pt/portal/wp-content/uploads/2021/05/IMG_RIO-300x192.jpg" alt="" width="600" height="384" srcset="https://www.argemela.pt/portal/wp-content/uploads/2021/05/IMG_RIO-300x192.jpg 300w, https://www.argemela.pt/portal/wp-content/uploads/2021/05/IMG_RIO-1024x655.jpg 1024w, https://www.argemela.pt/portal/wp-content/uploads/2021/05/IMG_RIO-768x492.jpg 768w, https://www.argemela.pt/portal/wp-content/uploads/2021/05/IMG_RIO-1536x983.jpg 1536w, https://www.argemela.pt/portal/wp-content/uploads/2021/05/IMG_RIO-600x384.jpg 600w, https://www.argemela.pt/portal/wp-content/uploads/2021/05/IMG_RIO.jpg 1900w" sizes="(max-width: 600px) 100vw, 600px" /></p>
<p>A base do Cântaro Magro é o seu registo de nascimento e dai até Constância, onde se entrega ao Tejo, são cerca de 200 Km.<br />
O Zêzere é o nosso rio, gerado como um fio de água que vai curso fora ganhando vigor, movimento, cores e vida própria. Corre como louco no vale glaciar de Manteigas, acalma e abranda a marcha pelo vale que é a Cova da Beira, cria meandros e recortes de rara beleza, tem desníveis, estrangulamentos e uma sucessão de barragens até chegar ao fim da jornada.<br />
É uma estrutura viva e a dialética da sua existência põe a nu a fertilidade das suas várzeas e as máculas deixadas pela mina no seu leito e nas suas águas.</p>
<p>Hoje até tem uma grande rota, mas muito se enganam aqueles que pensam que isso é o bastante para fazer dele um rio feliz.</p>
<p style="text-align: right;">Isaura Reis  |  2 de Junho de 2018</p>
<p><a class="aio-icon-read xx" href="https://www.argemela.pt/portal/rio-zezere/" title="Rio Zêzere" >Ver ilustração&nbsp;&raquo;</a></div> <!-- description --></div> <!-- aio-ibd-block --></div> <!-- aio-icon-box --></div> <!-- aio-icon-component --><div class="aio-icon-component    style_1"><div id="Info-box-wrap-5111" class="aio-icon-box left-icon" style=""  ><div class="aio-icon-left"><div class="ult-just-icon-wrapper  "><div class="align-icon" style="text-align:center;">
<div class="aio-icon circle "  style="color:#ffffff;background:#486668;font-size:30px;display:inline-block;">
	<i class="Defaults-file-text-o"></i>
</div></div></div></div><div class="aio-ibd-block"><div class="aio-icon-header" ><h3 class="aio-icon-title ult-responsive"  data-ultimate-target='#Info-box-wrap-5111 .aio-icon-title'  data-responsive-json-new='{"font-size":"desktop:18px;","line-height":""}'  style="font-family:&#039;Poppins&#039;;font-weight:600;color:#2e2e2e;">Atividades</h3></div> <!-- header --><div class="aio-icon-description ult-responsive"  data-ultimate-target='#Info-box-wrap-5111 .aio-icon-description'  data-responsive-json-new='{"font-size":"","line-height":""}'  style=""><img decoding="async" loading="lazy" class="aligncenter wp-image-12169" src="https://www.argemela.pt/portal/wp-content/uploads/2021/05/Barca-no-Zezere-300x241.jpg" alt="" width="600" height="481" srcset="https://www.argemela.pt/portal/wp-content/uploads/2021/05/Barca-no-Zezere-300x241.jpg 300w, https://www.argemela.pt/portal/wp-content/uploads/2021/05/Barca-no-Zezere-768x616.jpg 768w, https://www.argemela.pt/portal/wp-content/uploads/2021/05/Barca-no-Zezere-600x481.jpg 600w, https://www.argemela.pt/portal/wp-content/uploads/2021/05/Barca-no-Zezere.jpg 1024w" sizes="(max-width: 600px) 100vw, 600px" /></div> <!-- description --></div> <!-- aio-ibd-block --></div> <!-- aio-icon-box --></div> <!-- aio-icon-component -->[/vc_column][/vc_row][vc_row full_width=&#8221;stretch_row_content&#8221; content_placement=&#8221;middle&#8221; bg_type=&#8221;bg_color&#8221; bg_color_value=&#8221;#ededed&#8221;][vc_column][vc_column_text]</p>
<h3 style="text-align: center;">Zêzere de Avião</h3>
<p>[/vc_column_text][vc_video link=&#8221;https://youtu.be/Wi7vTTrNcME&#8221; el_width=&#8221;60&#8243; align=&#8221;center&#8221;][vc_empty_space][vc_column_text][/vc_column_text][/vc_column][/vc_row]</p>

<p>[vc_row][vc_column width=&#8221;1/4&#8243;][vc_empty_space height=&#8221;60px&#8221;][vc_single_image image=&#8221;11852&#8243; img_size=&#8221;250&#215;700&#8243; add_caption=&#8221;yes&#8221; alignment=&#8221;center&#8221; onclick=&#8221;custom_link&#8221; link=&#8221;https://www.argemela.pt/portal/rio-zezere/&#8221;][/vc_column][vc_column width=&#8221;3/4&#8243;][vc_empty_space][/vc_column][/vc_row][vc_row full_width=&#8221;stretch_row_content&#8221; content_placement=&#8221;middle&#8221; bg_type=&#8221;bg_color&#8221; bg_color_value=&#8221;#ededed&#8221;][vc_column][vc_column_text] Zêzere de Avião [/vc_column_text][vc_video link=&#8221;https://youtu.be/Wi7vTTrNcME&#8221; el_width=&#8221;60&#8243; align=&#8221;center&#8221;][vc_empty_space][vc_column_text][/vc_column_text][/vc_column][/vc_row]</p>
