{"id":11982,"date":"2021-03-07T22:05:10","date_gmt":"2021-03-07T22:05:10","guid":{"rendered":"https:\/\/www.argemela.pt\/portal\/?page_id=11982"},"modified":"2021-10-09T16:07:45","modified_gmt":"2021-10-09T16:07:45","slug":"enquadramento","status":"publish","type":"page","link":"https:\/\/www.argemela.pt\/portal\/enquadramento\/","title":{"rendered":"Enquadramento"},"content":{"rendered":"<p>[vc_row css=&#8221;.vc_custom_1499103576883{margin-bottom: 40px !important;}&#8221;][vc_column width=&#8221;1\/4&#8243;][vc_empty_space height=&#8221;30px&#8221;][vc_single_image image=&#8221;12216&#8243; img_size=&#8221;full&#8221; add_caption=&#8221;yes&#8221; alignment=&#8221;center&#8221;][vc_empty_space height=&#8221;10px&#8221;][\/vc_column][vc_column width=&#8221;3\/4&#8243;][vc_column_text]Na freguesia do Barco, h\u00e1 registos, documentos e mem\u00f3ria hist\u00f3rica de um tempo antigo. Um tempo a que corresponderam os anos 30, 40 e 50, at\u00e9 finais de 60 do s\u00e9culo passado, de extra\u00e7\u00e3o febril de min\u00e9rio. Feita pelo m\u00e9todo do \u201csalta e pilha\u201d, sem autoriza\u00e7\u00e3o, em terrenos de aluvi\u00e3o \u00e0 beira das linhas de \u00e1gua, ou pelo sistema de extra\u00e7\u00e3o \u201cao quilo\u201d: os volframistas recebiam autoriza\u00e7\u00e3o dos concession\u00e1rios das minas para extra\u00edrem o min\u00e9rio, e recebiam uma percentagem, \u201co quilo\u201d, do valor do min\u00e9rio vendido.<\/p>\n<p>A extra\u00e7\u00e3o e venda de volfr\u00e2mio foram proibidas em Junho de 1944 e embora clandestinamente a minera\u00e7\u00e3o tenha continuado, retomou em for\u00e7a em 1956, de forma empresarial e industrial com \u201ca companhia inglesa\u201d, a Mina da Argemela, propriedade da Beralt tin and\u00a0 Wolfram, que interrompeu a lavra em 1961, e com \u201ccompanhia alem\u00e3\u201d, a Mina da Recheira, de 1966 a 1971, maioritariamente detida por Walther e Karl Thobe.<\/p>\n<p>A actividade mineira, no Barco, tem caracter\u00edsticas e est\u00f3rias \u00fanicas. Significativo \u00e9 o facto de na mesma aldeia coexistirem, antes e durante a Segunda Guerra Mundial, sobretudo depois de 1940, grupos de extractores e de volframistas, que as autoridades do Estado Novo toleravam, fazendo contrabando, numa pol\u00edtica d\u00fabia de neutralidade ou germanofilia.<\/p>\n<p>Esse tempo, os anos 40, 50 e 60 do s\u00e9culo passado, \u00e9 tamb\u00e9m o do auge populacional e da produ\u00e7\u00e3o dos signos musicais, da mem\u00f3ria local, da evolu\u00e7\u00e3o dos usos e costumes e da arquitetura local, amplamente influenciados pelos dois elementos dominantes da corografia local: a serra da Argemela e o rio Z\u00eazere.<\/p>\n<p>\u00c9 a interpreta\u00e7\u00e3o atualizada desse per\u00edodo e dos prim\u00f3rdios do Barco, por processos audiovisuais e mediatizados, que se mostra no Centro de Interpreta\u00e7\u00e3o da Argemela.[\/vc_column_text][\/vc_column][\/vc_row][vc_row full_width=&#8221;stretch_row_content&#8221; bg_type=&#8221;bg_color&#8221; css=&#8221;.vc_custom_1619644304047{margin-bottom: 40px !important;}&#8221; bg_color_value=&#8221;#eaeaea&#8221;][vc_column][vc_empty_space height=&#8221;50px&#8221;][vc_video link=&#8221;https:\/\/www.youtube.com\/watch?v=wIEi95oJvuY&#8221; el_width=&#8221;60&#8243; align=&#8221;center&#8221;][vc_empty_space height=&#8221;10px&#8221;][vc_empty_space height=&#8221;50px&#8221;][\/vc_column][\/vc_row]<\/p>\n","protected":false},"excerpt":{"rendered":"<p>[vc_row css=&#8221;.vc_custom_1499103576883{margin-bottom: 40px !important;}&#8221;][vc_column width=&#8221;1\/4&#8243;][vc_empty_space height=&#8221;30px&#8221;][vc_single_image image=&#8221;12216&#8243; img_size=&#8221;full&#8221; add_caption=&#8221;yes&#8221; alignment=&#8221;center&#8221;][vc_empty_space height=&#8221;10px&#8221;][\/vc_column][vc_column width=&#8221;3\/4&#8243;][vc_column_text]Na freguesia do Barco, h\u00e1 registos, documentos e mem\u00f3ria hist\u00f3rica de um tempo antigo. Um tempo a que corresponderam os anos 30, 40 e 50, at\u00e9 finais de 60 do s\u00e9culo passado, de extra\u00e7\u00e3o febril de min\u00e9rio. Feita pelo m\u00e9todo do \u201csalta e pilha\u201d, [&hellip;]<\/p>\n","protected":false},"author":1,"featured_media":0,"parent":0,"menu_order":0,"comment_status":"closed","ping_status":"closed","template":"one-page-template.php","meta":[],"_links":{"self":[{"href":"https:\/\/www.argemela.pt\/portal\/wp-json\/wp\/v2\/pages\/11982"}],"collection":[{"href":"https:\/\/www.argemela.pt\/portal\/wp-json\/wp\/v2\/pages"}],"about":[{"href":"https:\/\/www.argemela.pt\/portal\/wp-json\/wp\/v2\/types\/page"}],"author":[{"embeddable":true,"href":"https:\/\/www.argemela.pt\/portal\/wp-json\/wp\/v2\/users\/1"}],"replies":[{"embeddable":true,"href":"https:\/\/www.argemela.pt\/portal\/wp-json\/wp\/v2\/comments?post=11982"}],"version-history":[{"count":16,"href":"https:\/\/www.argemela.pt\/portal\/wp-json\/wp\/v2\/pages\/11982\/revisions"}],"predecessor-version":[{"id":12334,"href":"https:\/\/www.argemela.pt\/portal\/wp-json\/wp\/v2\/pages\/11982\/revisions\/12334"}],"wp:attachment":[{"href":"https:\/\/www.argemela.pt\/portal\/wp-json\/wp\/v2\/media?parent=11982"}],"curies":[{"name":"wp","href":"https:\/\/api.w.org\/{rel}","templated":true}]}}